 Calculate i(l).
-13
Let r(k) = 2*k - 15. Let s be (-505)/101 - (7*1 - 0). Calculate r(s).
-39
Let t(h) = -30 - h**2 + 8 + 6 - 4*h + 11. Let j = -17 + 13. Calculate t(j).
-5
Suppose -3*h - h = -5*z - 10, -5*h - 2*z + 29 = 0. Let d(s) = -5*s**2 + 0*s**3 - s**3 + 2*s**3 + 1. Let v be d(h). Let t(p) = -11*p. Give t(v).
-11
Suppose 4*z - 106 = 2*c, -2*z - 20 = c + 29. Let l = -47 - c. Let v(m) = -2*m + 2. What is v(l)?
-6
Let j(r) = -6*r + 6. Let i(q) = 19*q + 340. Let n be i(-18). Give j(n).
18
Suppose -5*j + 0 + 5 = 0. Let l be 1 + (0 - (-5 + j)). Let b(g) be the first derivative of g**3/3 - 3*g**2/2 - 3*g + 7. Determine b(l).
7
Let f(n) = -n**3 + 3*n**2 - 4*n + 3. Let g be (-364)/140 + 6/10. Let i(u) = 2*u**3 - 7*u**2 + 9*u - 7. Let y(q) = g*i(q) - 5*f(q). Give y(2).
7
Let d(o) = 14*o**3 + o**2. Let i = -311 - -312. Give d(i).
15
Let j(u) be the third derivative of -u**4/6 + 11*u**3 + 482*u**2. What is j(15)?
6
Let r(m) = -2*m + 3. Let i be r(6). Let u = 4 + i. Let y(n) = -9*n - 10. Let x(j) = 17*j + 19. Let t(s) = 6*x(s) + 11*y(s). Determine t(u).
-11
Suppose 2*v + 2*k = -0*v - 20, -16 = 4*v - 2*k. Let y(j) = 12 + 11*j - 1 - 2. Let u(b) = 12*b + 10. Let i(q) = v*u(q) + 7*y(q). What is i(-2)?
-7
Let p(t) = t**3 + 11*t**2 + 9*t - 3. Let q = 33 + 6. Let n = q + -49. Give p(n).
7
Let n(x) be the first derivative of x**3/3 - 3*x**2 + 6*x + 46. Let c = -3 + 2. Let k be 4*((-2)/2)/c. What is n(k)?
-2
Let f(l) = -2*l + 16. Let t be f(6). Suppose -5*p + 2*s = -2*s + 2, 0 = t*s - 12. Let r(a) = a**3 - 3*a**2 + 2*a + 1. Determine r(p).
1
Let o(s) = s**2 - 2*s - 4. Let p be o(4). Let r(n) = 7*n**2 - 12*n - 5. Let d(h) = h**2 + 1091*h + 0*h**2 - 1 - 1092*h. Let u(t) = 6*d(t) - r(t). Give u(p).
7
Let y(z) be the third derivative of z**6/360 + z**5/24 + z**4/24 + 7*z**3/3 - 2*z**2. Let v(w) be the first derivative of y(w). Give v(-5).
1
Let l = -1 + 2. Let c(b) = b**2 - b + 1. Let j(a) = 3*a + 7*a**2 - 5*a**2 - a**2 - 2. Let o(v) = 2*c(v) + j(v). Determine o(l).
4
Let c(s) = s**2 - 6*s + 4. Suppose -3*z = -u - 11, 5*z - 28 - 17 = -5*u. Suppose -5*x + 42 = -u*m, 2*x - 2*m - 15 = -m. Calculate c(x).
4
Let i(z) be the first derivative of z**2 - 24*z - 420. Determine i(16).
8
Let x be (-4)/6 + 252/(-27). Let z be 2/x - (-28)/(-35). Let w(b) = -7*b + 0*b**2 + 7*b - 1 + 4*b**2. What is w(z)?
3
Let q(b) be the first derivative of b**2/2 + b + 3. Let d(s) = s + 9. Let m(w) = d(w) - 2*q(w). Suppose -16*h = -23*h. Determine m(h).
7
Let n be (-6160)/(-2200) + (0 - (-2)/10). Let g(j) = -j**2 - j - 1. Give g(n).
-13
Let l(j) = 16*j**2 + 13*j + 11. Let y(o) = 43*o**2 + 38*o + 32. Let t(p) = 8*l(p) - 3*y(p). What is t(-10)?
-8
Let c = -35 + 37. Suppose -s = 3*k + 6, -3*k = s - 8*k - c. Let m(j) = -j**3 - 2*j**2 + 3*j + 1. Calculate m(s).
1
Let l(t) be the second derivative of t**7/2520 + t**6/144 + t**5/60 + 7*t**4/4 - 8*t. Let w(d) be the third derivative of l(d). Calculate w(-3).
-4
Let f(k) = -2*k**2 + 23*k - 31. Let x(y) = -y**2 + 11*y - 14. Let r(c) = 2*f(c) - 5*x(c). Give r(6).
-10
Let b(m) = 18*m**3 - 3*m + 2. Let u = -391 + 392. Determine b(u).
17
Suppose 7*w + 16 = 11*w. Let u(g) = -g**2 - g. Let o(d) = -5*d**2 - 13 - 3*d + 11 + 6*d. Let i(v) = o(v) - 3*u(v). Calculate i(w).
-10
Let k(v) be the first derivative of v**4/4 + 2*v**3 - 2*v + 352. Calculate k(-6).
-2
Let z = 44 - 18. Suppose 4 = 24*j - z*j. Let g(l) = -3*l**2 - 3*l - 3. What is g(j)?
-9
Let l(a) = -2*a - a - 5*a**2 + 0*a - 4 + 3. Let c be -1 + 0 + (-2)/4*0. Let k be l(c). Let h(j) = -j - 1. Determine h(k).
2
Let x(k) = -6*k + 8*k - 1 - 7*k. Let m = 1 + 3. Suppose 4*u + 16 = m*h, 4*u - 5*h + 6 = -3*h. Calculate x(u).
-6
Suppose 0 = 8*b - b + 21. Let f(k) = -2 - k + 3*k + 3 - 4*k. Calculate f(b).
7
Let y(f) = -f**2 - 9*f + 6. Let w(z) = -z**2 + 2*z + 21. Let x(d) = 2*d**2 - 3*d - 42. Let t(i) = -5*w(i) - 3*x(i). Let v be t(-6). Give y(v).
6
Let o(u) = 15*u - 60. Let c be o(4). Let m(q) be the second derivative of -1/2*q**2 + c + 1/2*q**3 + 5*q. Give m(-2).
-7
Let h(d) = -18*d**2 - 25*d + 31. Let m(w) = -22*w**2 - 22*w + 30. Let l(c) = -6*h(c) + 5*m(c). What is l(19)?
2
Suppose 5*s - 15 = -5*z, -4*z + s = -35 + 13. Suppose -1 = -5*f - 3*h, 5*f = 5*h + 4 + 21. Let y(r) = -4*r - f + r**2 - 3 + 4*r**2 - 4*r**2. What is y(z)?
0
Let t(s) be the first derivative of -s**2/2 - 4*s - 50. Determine t(6).
-10
Suppose -18*q = -15*q. Let c be (1 - q)*(-15)/15. Let x(z) = -8*z**3 - 2*z**2 - z. Calculate x(c).
7
Let d(j) be the second derivative of -j**4/3 - 2*j. Let u be -4 - (-64)/20 - 1/5. Determine d(u).
-4
Let v(n) = n**2 - 3*n - 5. Let a = 20 - 20. Suppose -4 = -a*g - g. Give v(g).
-1
Let c(d) = -9*d**2 + 1. Suppose -3*g - 2 = -14. Suppose 2 = 5*z - s + 3, 4*z + g*s = 4. Suppose p - 3*v - 5 = 0, -2*v + z*v = -3*p + 1. Calculate c(p).
-8
Suppose 4*w - 5*m = 15, 1 + 4 = 2*w - 5*m. Let i(x) = -3*x**2 + 25*x - 1. Let b(j) = -2*j**2 + 17*j - 1. Let k(g) = w*i(g) - 7*b(g). Determine k(3).
11
Let f(y) = -y**2 + 8*y - 9. Let x be f(8). Let n = x - -11. Let j be (-2)/(n/3) - 3. Let s(i) = i**3 + 5*i**2 - 7*i - 5. What is s(j)?
1
Suppose 0 = 2*r + 3*n + 32, -2*n - 91 = 7*r - 2*r. Let p(o) = -o**2 - 20*o - 17. Calculate p(r).
2
Let w be (1 + -1)*(-26 + 27). Let b(z) be the third derivative of 1/24*z**4 + 0*z + 0 + w*z**3 + 4*z**2. Give b(-7).
-7
Let d be -3 + 3/6*0. Let q(c) = -c**2 + 4*c. Let l(v) = v**2 - 5*v. Let i(a) = -6*l(a) - 7*q(a). What is i(d)?
3
Suppose w - 12 = -7. Let t(f) = 5*f. What is t(w)?
25
Let q(d) = 2*d + 1. Let i(o) = o**2 - 26*o + 58. Let n(t) = -t**2 + 27*t - 60. Let x(a) = -6*i(a) - 5*n(a). Let h be x(18). Calculate q(h).
13
Let g(i) = -i**2 + 19*i + 100. Let m be g(23). Let n(h) = 4*h + 6 - 4*h + 3*h - 2*h. Give n(m).
14
Let u(j) be the third derivative of j**4/24 - j**3/2 + 4*j**2 - 20*j. Determine u(-3).
-6
Let m(i) be the first derivative of -i**6/360 + i**5/20 - i**4/6 + 2*i**3 - 11. Let b(z) be the third derivative of m(z). Determine b(6).
-4
Let p = 70 + -34. Suppose n - p + 42 = 0. Let o(x) = x**3 + 6*x**2 + 2*x + 5. Calculate o(n).
-7
Suppose -2*l + 3*l - 4*a + 2 = 0, -a = l - 3. Let q(u) = -u**3 + u**2 + u + 2. Calculate q(l).
0
Let a(b) be the first derivative of 2*b**3/3 - b**2 + 2*b - 73. Calculate a(1).
2
Let y(j) = 9*j**2 + 4*j + 8. Let f(l) = l**2 + l + 1. Let c(w) = -6*f(w) + y(w). What is c(2)?
10
Suppose 0 = -5*t - 95 + 65. Let x(m) = -m**3 - 5*m**2 + 4*m + 9. What is x(t)?
21
Let b be (-1 - -3)*-1 + 0. Let m be (-9 - -5)*2/b. Suppose m*v = -0*v - 16. Let g(t) = t**2 + 6*t + 3. Calculate g(v).
-5
Suppose -x - 4*x = 5*r - 25, 3*r = -2*x + 14. Let v(j) = 6*j + 8. Let i(s) = -2*s - 3. Let t(u) = 8*i(u) + 3*v(u). Determine t(r).
8
Let t = 18 - 12. Let r(b) = b**3 + 2*b**2 + 4*b + 9. Let y(x) = x**3 - 2*x**2 + x + 8. Let s(m) = -r(m) + 2*y(m). Determine s(t).
-5
Let f(a) = a**3 + 16*a**2 + 14*a - 8. Let q = -319 - -304. Determine f(q).
7
Suppose 16 = 4*a + 4. Let b(m) be the second derivative of -m**4/24 + m**3/3 + 4*m**2 - 8*m. Let t(l) be the first derivative of b(l). Determine t(a).
-1
Let p(r) be the second derivative of 1/2*r**3 - 27*r - 1/2*r**2 + 0. What is p(-2)?
-7
Let i(s) = 6*s - 4. Let k(z) = 7*z - 4. Let g(o) = 6*i(o) - 5*k(o). Let a(b) = 7*b + 2. Let v be a(1). Suppose -v*l + 6 + 30 = 0. Determine g(l).
0
Let c(f) = f - 13. Suppose 603 - 711 = -9*m. Determine c(m).
-1
Let k(g) = 5 + 2 - g + 5. Suppose -35 = 5*q - 3*x, -x + 7 = -q + 4*x. Let u = -1 - q. Calculate k(u).
6
Let l(d) be the second derivative of -1/12*d**4 + 1/6*d**3 + 0 - 22*d + 1/2*d**2. Let s = 3 - 1. What is l(s)?
-1
Let f(o) = o - 17. Let j(u) = 2*u**2 - 2*u + 14. Let h be j(0). Calculate f(h).
-3
Let v(t) = t**3 - 2*t**2 + 10. Let b(j) = -2*j**2 + 2. Let h(x) = -3*b(x) + v(x). Calculate h(-4).
4
Let w(y) be the first derivative of 8 - y + 3*y**3 - 1/2*y**2. Determine w(-1).
9
Let k(i) = 3*i**2 - i - 1. Suppose -4*l - 6 = -7*l. Let u be 1/(-2)*(l - 4 - -4). Calculate k(u).
3
Let h(x) = x + 20. Let r be h(-16). Let i(l) = r + 7 - l - 4 - l**3 - 8*l**2 - 4*l. What is i(-7)?
-7
Let h be 34 - 21 - (-1 + 5). Let s(b) = -b**3 + 10*b**2 - 9*b + 2. Calculate s(h).
2
Let r(z) = -z**3 + 11*z**2 - 6*z + 12. Let l = 482 - 472. Calculate r(l).
52
Suppose b - 6 = -0. Let h(j) = 360*j - 720*j - 3 + 359*j. What is h(b